ainder when 5863 is divided by 1161?
58
Calculate the remainder when 61235 is divided by 65.
5
Calculate the remainder when 1246242 is divided by 107.
13
Calculate the remainder when 70095 is divided by 6369.
36
Calculate the remainder when 3569 is divided by 3559.
10
What is the remainder when 34319 is divided by 131?
128
What is the remainder when 14031 is divided by 2332?
39
Calculate the remainder when 417 is divided by 178.
61
Calculate the remainder when 4945025 is divided by 24.
17
Calculate the remainder when 141418 is divided by 8317.
29
What is the remainder when 2008 is divided by 1953?
55
Calculate the remainder when 9524 is divided by 4754.
16
Calculate the remainder when 46888 is divided by 530.
248
Calculate the remainder when 127561 is divided by 446.
5
What is the remainder when 58433 is divided by 3074?
27
What is the remainder when 27925 is divided by 1081?
900
What is the remainder when 2824 is divided by 697?
36
What is the remainder when 637 is divided by 318?
1
Calculate the remainder when 30402 is divided by 596.
6
Calculate the remainder when 722062 is divided by 336.
334
Calculate the remainder when 45756 is divided by 4575.
6
Calculate the remainder when 413151 is divided by 908.
11
What is the remainder when 276 is divided by 37?
17
What is the remainder when 4297 is divided by 1389?
130
Calculate the remainder when 4814 is divided by 264.
62
What is the remainder when 4788 is divided by 663?
147
Calculate the remainder when 3780 is divided by 21.
0
What is the remainder when 115598 is divided by 38531?
5
Calculate the remainder when 59423 is divided by 39.
26
Calculate the remainder when 293352 is divided by 15.
12
What is the remainder when 370 is divided by 274?
96
Calculate the remainder when 353131 is divided by 115.
81
Calculate the remainder when 1596864 is divided by 164.
160
Calculate the remainder when 374 is divided by 133.
108
Calculate the remainder when 1918 is divided by 178.
138
Calculate the remainder when 9132 is divided by 2667.
1131
Calculate the remainder when 11566 is divided by 70.
16
What is the remainder when 193699 is divided by 8804?
11
What is the remainder when 3902 is divided by 556?
10
What is the remainder when 1309 is divided by 316?
45
Calculate the remainder when 2714 is divided by 277.
221
What is the remainder when 15171 is divided by 2156?
79
What is the remainder when 25357 is divided by 13?
7
What is the remainder when 597254 is divided by 70?
14
What is the remainder when 62046 is divided by 1189?
218
What is the remainder when 5450 is divided by 5410?
40
What is the remainder when 28757 is divided by 40?
37
Calculate the remainder when 35075 is divided by 246.
143
What is the remainder when 636875 is divided by 95?
90
Calculate the remainder when 275493 is divided by 26.
23
Calculate the remainder when 238280 is divided by 390.
380
Calculate the remainder when 62594 is divided by 1521.
233
Calculate the remainder when 49342 is divided by 35.
27
What is the remainder when 64051 is divided by 17?
12
What is the remainder when 11804 is divided by 5876?
52
Calculate the remainder when 503 is divided by 245.
13
Calculate the remainder when 21342 is divided by 7104.
30
Calculate the remainder when 4255 is divided by 261.
79
Calculate the remainder when 1495 is divided by 427.
214
Calculate the remainder when 60468 is divided by 31.
18
What is the remainder when 566 is divided by 382?
184
Calculate the remainder when 24627 is divided by 130.
57
What is the remainder when 20964 is divided by 198?
174
Calculate the remainder when 11534 is divided by 1049.
1044
Calculate the remainder when 14886 is divided by 98.
88
Calculate the remainder when 5059319 is divided by 760.
759
What is the remainder when 10796 is divided by 38?
4
What is the remainder when 21950 is divided by 122?
112
Calculate the remainder when 5107 is divided by 105.
67
What is the remainder when 81404 is divided by 770?
554
What is the remainder when 466449 is divided by 1172?
1165
What is the remainder when 392 is divided by 329?
63
What is the remainder when 287318 is divided by 440?
438
What is the remainder when 2934 is divided by 123?
105
What is the remainder when 1091 is divided by 194?
121
Calculate the remainder when 2429 is divided by 643.
500
What is the remainder when 415800 is divided by 5330?
60
What is the remainder when 547 is divided by 180?
7
What is the remainder when 1269 is divided by 118?
89
Calculate the remainder when 3044 is divided by 742.
76
What is the remainder when 3136 is divided by 625?
11
What is the remainder when 210140 is divided by 5837?
8
What is the remainder when 3494 is divided by 109?
6
What is the remainder when 39477 is divided by 2077?
14
What is the remainder when 913 is divided by 808?
105
What is the remainder when 11019 is divided by 1377?
3
What is the remainder when 173510 is divided by 500?
10
What is the remainder when 75605 is divided by 50?
5
What is the remainder when 22440 is divided by 5?
0
Calculate the remainder when 211103 is divided by 32.
31
Calculate the remainder when 556875 is divided by 80.
75
What is the remainder when 237 is divided by 227?
10
What is the remainder when 42153 is divided by 5988?
237
Calculate the remainder when 3147076 is divided by 902.
900
Calculate the remainder when 892 is divided by 138.
64
What is the remainder when 16074 is divided by 459?
9
Calculate the remainder when 6437 is divided by 72.
29
Calculate the remainder when 525396 is divided by 25.
21
What is the remainder when 62971 is divided by 94?
85
Calculate the remainder when 5335 is divided by 798.
547
What is the remainder when 3374 is divided by 1587?
200
What is the remainder when 223559 is divided by 15968?
7
What is the remainder when 3088 is divided by 1512?
64
Calculate the remainder when 11353 is divided by 2264.
33
What is the remainder when 14294 is divided by 40?
14
Calculate the remainder when 863466 is divided by 16.
10
What is the remainder when 14685 is divided by 103?
59
What is the remainder when 783 is divided by 333?
117
Calculate the remainder when 371840 is divided by 27.
23
What is the remainder when 1440 is divided by 368?
336
What is the remainder when 11958 is divided by 1104?
918
What is the remainder when 11992 is divided by 93?
88
What is the remainder when 17223 is divided by 77?
52
Calculate the remainder when 1030 is divided by 12.
10
Calculate the remainder when 94581 is divided by 18906.
51
What is the remainder when 1189120 is divided by 943?
940
What is the remainder when 7024 is divided by 761?
175
What is the remainder when 224189 is divided by 628?
621
Calculate the remainder when 1281 is divided by 350.
231
What is the remainder when 54962 is divided by 2498?
6
What is the remainder when 3497 is divided by 100?
97
What is the remainder when 2050 is divided by 667?
49
Calculate the remainder when 1377334 is divided by 13.
10
What is the remainder when 99833 is divided by 49914?
5
What is the remainder when 109449 is divided by 398?
397
Calculate the remainder when 73992 is divided by 125.
117
Calculate the remainder when 1724 is divided by 323.
109
Calculate the remainder when 112396 is divided by 141.
19
Calculate the remainder when 521 is divided by 403.
118
Calculate the remainder when 61884 is divided by 476.
4
Calculate the remainder when 2157048 is divided by 70.
68
What is the remainder when 8366 is divided by 2784?
14
What is the remainder when 6552 is divided by 1308?
12
What is the remainder when 78 is divided by 19?
2
What is the remainder when 32143 is divided by 1548?
1183
Calculate the remainder when 66847 is divided by 165.
22
Calculate the remainder when 64946 is divided by 46.
40
What is the remainder when 14757 is divided by 38?
13
What is the remainder when 7251 is divided by 298?
99
What is the remainder when 107212 is divided by 361?
356
What is the remainder when 419 is divided by 131?
26
Calculate the remainder when 2175 is divided by 167.
4
Calculate the remainder when 28409 is divided by 7.
3
What is the remainder when 171145 is divided by 83?
82
Calculate the remainder when 881 is divided by 96.
17
Calculate the remainder when 5218 is divided by 44.
26
What is the remainder when 272 is divided by 19?